base 8, what is 4 + -3252?
-3246
In base 6, what is 1 + 353?
354
In base 7, what is -50 - 4?
-54
In base 11, what is -47 + 82?
36
In base 11, what is 479 - 9?
470
In base 5, what is -31 + -14?
-100
In base 4, what is -11 + -1213?
-1230
In base 16, what is -4 + 259?
255
In base 7, what is -26 - 40?
-66
In base 2, what is -10110 + 11?
-10011
In base 3, what is 20122111 - 2?
20122102
In base 2, what is -101 + -101110000011?
-101110001000
In base 10, what is 7 - -387?
394
In base 4, what is 3 + -321?
-312
In base 6, what is 5 - -431?
440
In base 14, what is 391a - -3?
391d
In base 16, what is 0 + d?
d
In base 3, what is 221 + 212?
1210
In base 9, what is 0 + -1364?
-1364
In base 2, what is 101 - -1001?
1110
In base 14, what is -9d - 3?
-a2
In base 14, what is -c2a + b?
-c1d
In base 14, what is 0 - -19?
19
In base 5, what is -213 + -243?
-1011
In base 4, what is 123 + 10?
133
In base 3, what is -2 - 2000?
-2002
In base 5, what is -403403 - -3?
-403400
In base 9, what is 13144 - -2?
13146
In base 16, what is 4 + 9c?
a0
In base 6, what is 240 + -202?
34
In base 9, what is -175 + -1?
-176
In base 13, what is 5 - ba7?
-ba2
In base 5, what is 3 + -241?
-233
In base 12, what is -230 + -2?
-232
In base 2, what is 10100001111110 - -101?
10100010000011
In base 3, what is 12 - 1011?
-222
In base 2, what is -100010010 - -111?
-100001011
In base 5, what is 412 - 31?
331
In base 15, what is -e + 7?
-7
In base 8, what is 22674 - 4?
22670
In base 2, what is -11100 - -11?
-11001
In base 11, what is 48 - -8?
55
In base 12, what is -34b + 1?
-34a
In base 10, what is -4 - 2910?
-2914
In base 16, what is 2c + -56?
-2a
In base 4, what is 2113 - 3?
2110
In base 10, what is 4 + -2?
2
In base 14, what is 11 - -5?
16
In base 6, what is 4 + 15504?
15512
In base 10, what is -7366 - 0?
-7366
In base 5, what is 3301 + 0?
3301
In base 8, what is 1 - 42?
-41
In base 10, what is 4 - -35?
39
In base 9, what is 0 - -6?
6
In base 10, what is 9432 - 4?
9428
In base 13, what is b4 - 7?
aa
In base 12, what is 56 - a?
48
In base 15, what is 7 - -53?
5a
In base 4, what is -11 + 3202?
3131
In base 6, what is -403 + 2?
-401
In base 13, what is -1421 - 0?
-1421
In base 14, what is -25 + -21?
-46
In base 15, what is -7 - 74?
-7b
In base 5, what is 1013 - 3?
1010
In base 16, what is 2 - 28?
-26
In base 16, what is 0 + -50d?
-50d
In base 13, what is 26 - 5?
21
In base 16, what is 9 - 57?
-4e
In base 4, what is 312 + -332?
-20
In base 15, what is d + 36?
44
In base 15, what is -c + -11?
-1d
In base 2, what is -1100110 - -110?
-1100000
In base 8, what is 3 + -50?
-45
In base 16, what is -2e + 8?
-26
In base 15, what is -2 + b7?
b5
In base 13, what is 13 + 212?
225
In base 5, what is 224 + -1?
223
In base 3, what is -1 + -12?
-20
In base 10, what is 3 + 168?
171
In base 3, what is 21 + -1021?
-1000
In base 3, what is 1111 + -12?
1022
In base 6, what is -5 - -3535?
3530
In base 4, what is -2 + -22300?
-22302
In base 11, what is -3725 - 0?
-3725
In base 7, what is -2 + 155?
153
In base 9, what is 152 + 103?
255
In base 12, what is -3 + -1010?
-1013
In base 12, what is 0 - 111?
-111
In base 13, what is -20 + -5?
-25
In base 14, what is 41 + 1?
42
In base 12, what is 1b + 5?
24
In base 8, what is -17 - 64?
-103
In base 6, what is 5532 + 0?
5532
In base 4, what is 2 - 302123?
-302121
In base 3, what is -20220 + -2001?
-22221
In base 9, what is 0 + -17?
-17
In base 15, what is -1 - 544?
-545
In base 4, what is -1001010 + 10?
-1001000
In base 9, what is -3504 - 3?
-3507
In base 10, what is 19 + 25?
44
In base 6, what is 103113 - -2?
103115
In base 12, what is -7 + 7?
0
In base 13, what is -8a - -5?
-85
In base 11, what is -38 + -19?
-56
In base 11, what is 1066 + -4?
1062
In base 4, what is 1000 - 10?
330
In base 4, what is -130 - 32?
-222
In base 16, what is 4 - 4e?
-4a
In base 8, what is 1130 + 5?
1135
In base 6, what is -1 + -242?
-243
In base 2, what is 101001011 + 10?
101001101
In base 11, what is -203 + 4?
-1aa
In base 16, what is 137 - -1?
138
In base 15, what is -1639 - 5?
-163e
In base 11, what is -36 - 3?
-39
In base 3, what is 11 + -12121022?
-12121011
In base 4, what is 133 - -20001?
20200
In base 9, what is -13205 + -5?
-13211
In base 13, what is 59 + 3?
5c
In base 13, what is -5 - 22?
-27
In base 4, what is 1313 - -23?
2002
In base 11, what is 5 + -42?
-38
In base 4, what is 1 - -222?
223
In base 9, what is -64 + -134?
-208
In base 12, what is -209 + -11?
-21a
In base 14, what is 3 - -aa9?
aac
In base 11, what is 5061 + 3?
5064
In base 8, what is 11677 - -2?
11701
In base 9, what is 458 - 1?
457
In base 12, what is -27 + 318?
2b1
In base 3, what is 10 - 12222?
-12212
In base 15, what is -4 + 8?
4
In base 11, what is -2 - 320?
-322
In base 7, what is 5 + 1213?
1221
In base 3, what is -1022111 - 12?
-1022200
In base 6, what is 2 - 24232?
-24230
In base 11, what is 12 + 163?
175
In base 11, what is 1911 + 5?
1916
In base 12, what is -5 - -1a1b?
1a16
In base 8, what is -1 + -2554?
-2555
In base 5, what is -22 + 0?
-22
In base 16, what is -7 + 37?
30
In base 15, what is 17 + 1e?
36
In base 8, what is -5 + -476?
-503
In base 14, what is 46 + 63?
a9
In base 4, what is -11202 + -10?
-11212
In base 9, what is 145 + -1?
144
In base 11, what is -3 + 24?
21
In base 2, what is 10 - 101000?
-100110
In base 2, what is 11111 + 11?
100010
In base 7, what is 2 - 122?
-120
In base 14, what is -151 - -4?
-14b
In base 2, what is -110110000 - 1?
-110110001
In base 5, what is -3 - -110?
102
In base 16, what is b2 + -6f?
43
In base 7, what is 45 - 106?
-31
In base 5, what is 4 + -140?
-131
In base 13, what is -3a - b?
-48
In base 4, what is 0 - 11303?
-11303
In base 8, what is -32 + 0?
-32
In base 11, what is -23 - 602?
-625
In base 11, what is 93 - 9?
85
In base 5, what is -2 + -11?
-13
In base 3, what is 1 + 1002?
1010
In base 11, what is -328 - 9?
-336
In base 5, what is 12 - -1031?
1043
In base 16, what is -31 + 175?
144
In base 4, what is -3 + 10010?
10001
In base 12, what is -96 + 10?
-86
In base 12, what is 0 - -723?
723
In base 12, what is -15 + 1?
-14
In base 2, what is -111111000 - 101?
-111111101
In base 15, what is 2 + -99?
-97
In base 16, what is 48 - -16?
5e
In base 15, what is -11 + -4?
-15
In base 16, what is 1053 - 5?
104e
In base 9, what is -17 + 18?
1
In base 13, what is 0 - 1b?
-1b
In base 9, what is 4 - 61?
-56
In base 7, what is 36425 - 1?
36424
In base 2, what is 1000000100 + -100?
1000000000
In base 15, what is -2e + -1?
-30
In base 3, what is -12 - 220111?
-220200
In base 11, what is 4 - 14a6?
-14a2
In base 12, what is 34 + 2a?
62
In base 15, what is 682 + 2?
684
In base 4, what is 11 + -231?
-220
In base 4, what is -12 - -3233?
3221
In base 10, what is 3 - 2695?
-2692
In base 9, what is 10 + -372?
-362
In base 16, what is f + -7?
8
In base 13, what is -4 + -1c4a?
-1c51
In base 11, what is 2 + 1027?
1029
In base 11, what is -5 + 33?
29
In base 7, what is 3052 - 13?
3036
In base 7, what is -3 + -435?
-441
In base 15, what is bc + -6?
b6
In base 3, what is -2 - 220112?
-220121
In base 11, what is -3 + -25?
-28
In base 4, what is 3223 - 22?
3201
In base 12, what is 199 - -2?
19b
In base 6, what is 10 - -545?
555
In base 10, what is 3 + 30?
33
In base 2, what is -101 + -1101010?
-1101111
In base 13, what is -74 - 37?
-ab
In base 2, what is -11 - 1010101?
-1011000
In base 6, what is -2201 - -1?
-2200
In base 15, what is 14 + -11?
3
In base 2, what is -1101111001 - -10?
-1101110111
In base 3, what is -202 - 110200?
-111102
In base 8, what is 27 - -1030?
1057
In base 9, what is 2 - -27?
30
In base 11, what is 2 + -46?
-44
In base 15, what is -1447 - 5?
-144c
In base 3, what is 102 - -1?
110
In base 11, what is 1435 - -2?
1437
In base 7, what is -4 - -243?
236
In base 12, what is -4 - -142?
13a
In base 15, what is 3 - -e?
12
In base 8, what is -1 + -1?
-2
In base 5, what is 10 + 212201?
212211
In base 15, what is -3a2 - 2?
-3a4
In base 15, what is -37 - -8?
-2e
In base 2, what is -1 + 11101101?
11101100
In base 5, what is 40 - -102?
142
In base 16, what is -b + -6?
-11
In base 9, what is 6 - -273?
280
In base 13, what is 0 + -180?
-180
In base 14, what is -2 - -3d6?
3d4
In base 4, what is 302211 + -3?
302202
In base 14, what is -2869 - -3?
-2866
In base 5, what is 0 - -23?
23
In base 4, what